n + 3. Let o be h(4). Let a(u) = u**3 + 11*u**2 - 5. Is a(o) composite?
False
Suppose b - 11 = -3. Is 1172/b*(-30)/(-5) prime?
False
Let p(l) = -401*l**3 - l**2 + 1. Let n be p(-1). Suppose 0 = -3*o + 421 + n. Is o composite?
True
Let p(y) = 2*y**2 + 6*y - 11. Let v be p(-6). Let i = v + -29. Is (-6876)/(-24)*i/(-6) a prime number?
True
Let n = -17533 + 34476. Is n a composite number?
False
Is -6 - (-77937 - (-5 + 3)) a composite number?
False
Let a = -5 + 2. Let c(s) = -578*s**2 - 11*s + 8. Let o(x) = -193*x**2 - 4*x + 3. Let h(j) = a*c(j) + 8*o(j). Is h(1) composite?
False
Let y = 52 - 59. Is 18030/70 + 4/y a composite number?
False
Suppose -2*d - 2904 - 94 = 2*f, 5*f + 4*d = -7497. Let o = f - -2414. Is o composite?
True
Let c(s) = -70*s**3 + 7*s**2 - 5*s + 9. Is c(-4) prime?
True
Is -1 - 5/(35/(-140504)) composite?
False
Let j(o) = -5*o**3 + 2*o**2 + o. Suppose -10*x + 6*x + 20 = 0. Let c be j(x). Let q = c + 1069. Is q a prime number?
True
Let d(w) = -20*w - 39. Let i be d(-18). Let x = i - 118. Is x a prime number?
False
Let b = 379 - -178. Suppose 491 + 149 = 5*n. Suppose n = d - b. Is d a composite number?
True
Let x be 65/(-13)*(-4)/10. Let l(n) = 10*n**2 - n + 1. Is l(x) a prime number?
False
Let f be -5*(-4)/15*-3252. Let q = -2975 - f. Is q a prime number?
True
Let t(a) = 158*a**3 - a**2. Suppose 4*h - 6*h = -4*j - 2, 0 = -2*j - 4*h + 4. Let c be (j - -1)/(12/12). Is t(c) prime?
True
Let n = -250 - -630. Suppose q + q - 812 = 0. Suppose n + q = 6*h. Is h a prime number?
True
Let y(w) = -2 - 2 - 2*w + 8. Let g be y(6). Is 452/(-6)*12/g prime?
True
Suppose -115 = -i - 4*i. Let c(j) = j - 8*j**3 - j**2 - 24*j**3 + 24 - i. Is c(-2) prime?
True
Suppose 0 = -4*l + 16 - 0. Suppose l*n - n + 5*f + 2666 = 0, -2*f + 4 = 0. Let g = 1859 + n. Is g a prime number?
True
Let a(z) = -170*z**3 - 1. Let q be a(1). Let f = q - -332. Is f a composite number?
True
Let c(y) = -y**2 + 6*y - 13. Let d be c(14). Let n = 618 + d. Is n a composite number?
True
Let w(i) = 0 + 2*i**3 - 2*i - i**3 + 13 - 143*i**2 + 152*i**2. Is w(-9) a prime number?
True
Let k(i) = i**3 + 11*i**2. Let p be k(-11). Suppose p*q = 3*q. Suppose l - 565 = -q*l. Is l composite?
True
Let x be 69/(-9)*(1 - 1 - 69). Suppose -5*v + 1644 - x = 0. Is v a composite number?
False
Is (-8)/6*(-22)/((-1144)/(-406653)) prime?
True
Suppose 4*i = -3*v + 8*v + 58952, -4*i + 4*v = -58956. Is i prime?
False
Let n = -216 - -327. Is n a prime number?
False
Suppose 5*k - 23737 = -4*d, -7149 - 4715 = -2*d - 4*k. Suppose -4*y = -0*h + 3*h - 17801, -h + d = -3*y. Is h a composite number?
True
Let o = 8103 - 3512. Is o a prime number?
True
Let w(z) = -27*z**3 + 5*z**2 - 5*z + 8. Let c be w(-7). Let f be (-2)/3*(-15 - 0). Suppose -f*a + c = -a. Is a composite?
False
Suppose 3*l - 6*q + 2*q = -22, 4*l + 2*q + 44 = 0. Let d = 405 + l. Is d a composite number?
True
Let l(n) = n + 12. Let f be l(-7). Let m(h) = -h**3 - 15*h**2 - 2*h - 28. Let u be m(-15). Suppose u*y = 9 + f. Is y prime?
True
Suppose -1336*z = -1343*z + 74123. Is z prime?
True
Let z(c) = 53377*c**3 - 13*c**2 + 14*c - 1. Is z(1) prime?
True
Suppose -t = 4 + 3. Let c be (-2 - t) + 1 + -4. Suppose 5*l = -h + 459, 2 = c*l - 2. Is h a composite number?
False
Suppose 5*k = 4*k + 10. Suppose 3*l = 5*l - k. Suppose 2*j + 2 = 0, l*v - 3*j - 60 - 53 = 0. Is v a prime number?
False
Suppose 0 = 5*s + 2*u - 114, -s + 3*s + 4*u - 36 = 0. Suppose s - 8 = 4*y. Suppose w - y*f - 453 = -0*w, f = -w + 448. Is w composite?
False
Let m(x) = -x + 8. Let p be m(6). Suppose 4*s - 3 = n, 0*n + 11 = 3*n - 2*s. Suppose -p = i - n. Is i a prime number?
True
Suppose -q - 2*b - 34352 = -3*q, -3*q - 4*b + 51507 = 0. Is q a prime number?
False
Suppose -3*r + 5*p + 16 = -r, -4*r = 5*p - 2. Suppose -3*b + 2880 = -j - 2*j, 2*b - 1915 = -r*j. Is b composite?
True
Suppose 0 = -0*n + n - 4. Is 222 - 7 - 1*n a prime number?
True
Is (1/4)/(6696/6688 - 1) composite?
True
Let v(u) = -2*u**2 + 2*u - 1. Let y be v(1). Let o(s) = -217*s**3 - s. Is o(y) prime?
False
Let b be -5 - (4 + -2 - 3). Let g(j) = -j**2 - 4*j - 9. Let a be g(b). Is a/21 - (-19456)/56 composite?
False
Is (-1 + 47336)*(3 - 2) a composite number?
True
Suppose -5684 = -4*l + 2*o - 1086, -3*o + 5764 = 5*l. Is l prime?
True
Suppose 5 = -3*s + 14. Let u = s + 52. Is u a composite number?
True
Suppose 45*j - 238252 = 17*j. Is j composite?
True
Let r(i) = 197*i - 123. Is r(10) composite?
False
Let a = 29 + -18. Let z(p) = p**3 - 11*p**2 + 16*p - 12. Let v be z(a). Suppose 3*u - 503 = -v. Is u composite?
False
Let b be (3 + -4 - 1) + 159. Suppose -5*a + b = -3213. Is a a prime number?
False
Let x = 7941 - 1768. Is x a composite number?
False
Suppose 18268 = 196*c - 192*c. Is c composite?
False
Let f = 23 - 39. Let u = 13 + f. Is u + (-2 + 1)*-18 a composite number?
True
Let w = 13 - 15. Let f be 3/w - (-3114)/4. Is (f/(-9))/(4/(-12)) prime?
False
Let l be 5907/9 - 1/3. Suppose -4*t = 5*a - a - 648, -l = -4*a - 2*t. Is a a prime number?
False
Let o(w) = 11*w - 16. Let x be o(8). Let v be 2/(-9) - (-33928)/x. Suppose 0 = -3*i + 132 + v. Is i a prime number?
False
Is (-2223574)/(-24) + 2 - 1/(-12) composite?
True
Let g(b) = -b**3 + 9*b**2 + 3*b + 2. Suppose 2*k + 3 = -d + 5*k, 0 = 4*d - k - 43. Let s be (-2)/d - (-86)/12. Is g(s) prime?
False
Suppose 3*n = 10 + 80. Suppose 127 = r - n. Is r composite?
False
Suppose -v = 2*b - 19, 4*v = -12 - 0. Let g = 9 - b. Is g/(-1)*(-57)/(-6) composite?
False
Let l(j) = 4*j**2 - 13*j + 4. Suppose -27 = -3*g + 2*r, 2*g + 2*r - 36 = -2*g. Is l(g) composite?
False
Let b(r) = 882*r**2 + 17*r - 6. Let w(n) = -588*n**2 - 11*n + 4. Let f(y) = -5*b(y) - 8*w(y). Is f(1) a prime number?
False
Suppose -y - 2*y + 1178 = m, 5*y - 1966 = -m. Suppose -5*f + 1675 = -5*s, 5*s + y = f + 59. Is f a composite number?
True
Suppose -6134 = -6*v + 2500. Is v prime?
True
Suppose 0 = -3*z + 5*v + 45934, -2*z - 28*v = -25*v - 30629. Is z prime?
True
Let l = 11857 + -5750. Suppose -3*k + l = -5*f, -k = -6*k - 4*f + 10203. Is k a prime number?
True
Let j be (-85)/(-30) - 1/(-6). Let h = j - -3. Suppose 0 = h*i - i - 955. Is i a prime number?
True
Let y be 9*2/(-3 + 5). Let q(a) = y - 4 + 36*a - 4. Is q(1) composite?
False
Let n(k) = 337*k**2 - 4*k - 1. Let o(i) = -337*i**2 + 5*i + 1. Let s(y) = 3*n(y) + 2*o(y). Is s(-2) composite?
True
Suppose 97*n + 61896 = 105*n. Is n composite?
True
Suppose 0 = 67*o - 86*o - 2584. Suppose 3*y = 3*d - 0*y - 234, -156 = -2*d - y. Let p = d - o. Is p composite?
True
Suppose 0 = 2*i - l - 7205 - 2827, -4*l - 10026 = -2*i. Is i a prime number?
False
Suppose -56 = a + g, 5*g + 14 = -a - 22. Let r = -29 + 19. Let u = r - a. Is u composite?
True
Let h = 10963 + -1904. Is h a prime number?
True
Let d be (2 - 2)/(0 - (-3 + 4)). Let q = d + 134. Is q a prime number?
False
Let p = 53520 - 12886. Suppose -24*z = -2*z - p. Is z a prime number?
True
Suppose -20 = 7*l + 8. Let g(p) = -45*p**3 - 5*p**2 - 8*p - 17. Is g(l) a composite number?
True
Let j(g) = g**3 + 3*g**2 + g - 3. Let d be (-2)/6 - (-112)/21. Is j(d) a composite number?
True
Suppose -16 = -7*j + 6*j. Suppose -j*o + 13*o = -111. Is o a prime number?
True
Suppose 2*j + 11742 = 30448. Is j prime?
False
Let p(r) = r**2 + 4*r. Let x be p(-5). Suppose -3*f + x*t = 119 - 1142, 5*t = -3*f + 1053. Is f a composite number?
True
Suppose -p + 38549 = -3*h, -2*p + 5*h + 36371 + 40725 = 0. Is p composite?
False
Let t = -2307 + 5454. Is t a composite number?
True
Suppose 0 = -2*q + 6 - 52. Let l = 96 + q. Let h = l - -38. Is h composite?
True
Let h = -22 - -26. Suppose -1166 = -4*f - h*p + 2*p, 287 = f + 2*p. Is f a composite number?
False
Suppose 423*n = 406*n + 436339. Is n prime?
True
Is (0 + 23755)*(-32)/(-160) composite?
False
Let h(f) = f - 2. Let y(t) = 2*t - 5. Let p be y(5). Let o be h(p). Suppose 0*a = -2*a + 4*g + 214, 0 = -3*a - o*g + 276. Is a a prime number?
True
Let u(r) = -r**3 + 11*r**2 + 3*r + 11. Suppose -2*s - 2*j + 24 = 0, -2*s = 7*j - 3*j - 28. Let a be u(s). Is (1 + 6/9)*a a prime number?
False
Let t = -4761 + 14448. Suppose 5*o + w = t, 3*w - w = -3*o + 5815. Is o a prime number?
False
Let z(d) = d**3 - 9*d**2 + 9. Let v be z(9). Suppose 0*g - 3*g = v. Is g - (-1 - (-252)/(-3)) a composite number?
True
Let a be 19248/(-3